he first derivative of 15*s**2/2 - 8*s + 1. Let z(g) = d*w(g) + 13*m(g). What is z(-5)?
-9
Let j(h) = -2*h**2 + 4*h - 2. Suppose -52 = -5*r - 4*g, -2*r + g + 13 = -0*r. Let m = 10 - r. Determine j(m).
-2
Let b(r) be the third derivative of 1/24*r**4 + 0 + 5/6*r**3 - 2*r**2 + 0*r. Calculate b(0).
5
Let p(g) = -3*g + 1. Suppose -3*f = 6*t - 3*t - 3, -4*t - 14 = -2*f. Calculate p(f).
-8
Let v be 34/8 + (-1)/4. Let c(j) = 4*j - 10. Let h(o) = 2*o - 5. Let a(r) = -2*c(r) + 5*h(r). What is a(v)?
3
Let s(k) = k**2 + 13*k + 14. Let x be s(-12). Let w(c) be the first derivative of -3*c + 2 - 3/2*c**x - c**3 - 1/4*c**4. Give w(-3).
6
Let q = 14 - 16. Let m(l) = -16*l**2 + 14*l**2 - 1 - 3*l - l**3 + l. Give m(q).
3
Let d(u) be the first derivative of u**2/2 - 9. Suppose 13 - 1 = -3*z. Let p be d(z). Let i(t) = -t**2 - 2*t + 2. Calculate i(p).
-6
Let k(n) be the first derivative of n**4/2 - n**3/3 - 3*n**2/2 + 3*n - 72. Let q = 5 - 3. What is k(q)?
9
Let s(u) = -14*u. Suppose 0 = -3*f + f - 14. Let v = 8 + f. Give s(v).
-14
Let o(c) = 1. Let b(r) = r + 3. Let l(t) = -b(t) + 2*o(t). Suppose -3*p - 11 = -2*z + 30, -5*p - 71 = -4*z. Let i = -9 - p. What is l(i)?
-3
Let h(r) = 2*r + 3 - 3 - 3. Give h(5).
7
Let k = -2 - -6. Suppose 29 = k*h + 9. Let t(x) = -h + x + 3*x - 7*x. Calculate t(-4).
7
Suppose -k + 13*k + 48 = 0. Let h be (1/(-3))/((-2)/12). Let l(j) = 0*j - 1 - j**3 + 2*j + 4*j**h + 2*j**3. Give l(k).
-9
Let i(q) = -5*q - 5. Let t be i(-2). Suppose -v + 1 = -3, 4*o + 3*v = 20. Suppose t*d - o = -3*c, 0*c - 6 = -3*d - 3*c. Let n(a) = a**2 + 2. Give n(d).
6
Let l(u) = 16*u - 1. Let g = -59 - -58. Give l(g).
-17
Let h(v) be the second derivative of v**3/3 + v**2/2 - 25*v - 1. Suppose -4*o = 4, -3*m = -7*m - 3*o - 7. Calculate h(m).
-1
Suppose -2*p + 5*k = p - 1, -2*p + 3 = -k. Let o(l) = 0 + l + 6 - 7 + p*l**2. Calculate o(-2).
5
Let u(k) be the third derivative of -k**7/5040 - k**6/720 + k**5/60 - 6*k**2. Let t(m) be the third derivative of u(m). Calculate t(-4).
3
Let b(d) = -d**2 - 8*d + 6. Let g = 14 + -22. Calculate b(g).
6
Let u be (-27)/(-5) - 36/90. Let i(j) = 4*j + 20. Let t(o) = o + 4. Let x(m) = u*i(m) - 24*t(m). Determine x(3).
-8
Suppose 2*c - 5*j = 6*c - 12, -c + 5*j + 3 = 0. Let h = 4 - c. Let k(i) = -3*i**2 + 2*i**2 - 5 + h + 6*i. Give k(5).
1
Let y(l) = -l + 1. Let k be y(-2). Suppose 5*q - 13 = 2*q - w, -2*q + k*w - 6 = 0. Let g(x) = x**2 - 1 + 3*x - 4*x - 4 + x**q. Calculate g(0).
-5
Suppose -2*h - 4 + 10 = 0. Let o(a) = h*a + 1 - 2*a + 0*a + 0*a. Give o(-5).
-4
Let r(x) be the second derivative of -x**5/20 - x**3/6 + x**2/2 + 8*x. What is r(1)?
-1
Let p(z) be the third derivative of z**6/120 - z**5/10 + 5*z**4/24 + z**3 - 5*z**2. Suppose -4*x - 3*a = -2*x - 22, 0 = -4*x + 5*a. What is p(x)?
6
Let t(p) = -5*p**3 - 8*p**2 + p - 5 + 4*p**3 + 2*p**3 + 7*p. Give t(6).
-29
Let i(w) = -6*w. Let r be 4 - (-4)/(-7)*(-105)/(-30). Give i(r).
-12
Let u(z) = 1 - 7*z + 32*z - 4*z. Calculate u(-1).
-20
Let c(j) be the third derivative of 3*j**6/40 - j**5/30 - j**4/12 - j**3/6 + 2*j**2 + 19. Give c(-1).
-10
Let d(p) be the third derivative of p**5/60 + 7*p**4/24 + 4*p**3/3 + 9*p**2. Give d(-7).
8
Suppose 0 = 6*c + 8*c + 14. Let p(s) = 3*s + 2. Calculate p(c).
-1
Let v(z) = -2*z**3 - 3*z**2 - 2*z - 3. Suppose -8*t + 44 = -12*t. Let d = 9 + t. Determine v(d).
5
Let u = 19 + -17. Let s(q) = 5 - u*q + 2*q - 2*q - 1. Determine s(-4).
12
Let f(k) = -2*k - 1. Let c(w) = w - 2. Let m = 1 + -1. Let r(s) = s + 4. Let l be r(m). Let x be c(l). Determine f(x).
-5
Let v = 6 + -7. Let g(p) = -1 + 1 - p**3 + 0 - p**2. Determine g(v).
0
Suppose 2*b = -6 - 4. Let y(f) = -6*f - 10. Let u(x) = 13*x + 21. Let r(i) = -4*u(i) - 9*y(i). Give r(b).
-4
Let y(v) = v + 1. Let c be -9*((-6)/(-3))/(-2). Suppose -2*q - c = q. Give y(q).
-2
Let z(q) = q**2 - 6*q + 5. Let s be (-2)/(-8) + 133/28. Give z(s).
0
Suppose -2*f - 35 = -7*f. Let q = f + -6. Let h(s) = 7*s + 1. Calculate h(q).
8
Let u(h) = -h. Suppose -2 = -m, 4*n + 12 = m + m. Calculate u(n).
2
Suppose 3*y - 6*y - 4*m - 28 = 0, y = m. Let o(k) = k**3 + 3*k**2 - 5*k - 2. Determine o(y).
2
Let q(r) = 2*r - 6. Suppose -27 - 24 = -3*g. Suppose 0 = -5*s - 2*t + g, -6 = 2*s - 4*t + 8*t. Determine q(s).
4
Suppose 0 = 2*i - 2*b + 2, 0 = 4*b - 2*b. Let u(d) = 2*d**2 - 13*d - 3. Let k(l) = -l**2 + 9*l + 2. Let x(z) = -7*k(z) - 5*u(z). Determine x(i).
-4
Let k(s) = -2 + 3 - 4*s - 2 - s**2. Suppose -7*o + 84 = -o. Let i = 10 - o. Calculate k(i).
-1
Let v(s) = -7*s - 11. Let w(k) = -7*k + 4*k + k + 5 + 5*k. Let c(a) = 2*v(a) + 5*w(a). Suppose -4 = y + y. What is c(y)?
1
Suppose 3*j - 24 = -2*k - 3*k, -j = 2*k - 9. Let c(a) be the second derivative of -1/3*a**j - a + 2*a**2 + 0. What is c(5)?
-6
Let h(m) = -4 + 3*m**2 - 2*m**2 + m**3 - 6*m**2 - 6*m. Let c(r) = r + 1. Let t be c(5). What is h(t)?
-4
Let p(s) = -3*s**3 - s**2 + s + 1. Suppose -3*c = -4*c + 1. Let n be (2/(-8))/(c/(-4)). Let d be (n - 0)*(1 - 2). Give p(d).
2
Let b(s) be the first derivative of -1/4*s**4 + 5/2*s**2 - s + 1 - s**3. Let u be (-45)/10 - (-3)/6. Determine b(u).
-5
Let t(u) = u**3 + 4. Let n be t(-2). Let d(l) = l**3 + 4*l**2 + l. Calculate d(n).
-4
Suppose -4 = -0*k - k, 3*v - 3*k = -21. Let r(a) = -2*a**2 + 1. Calculate r(v).
-17
Let k(i) = 3*i - 1. Let r(y) = -y**2 - 18*y - 23. Let w be r(-17). Give k(w).
-19
Let b(s) = -s - 1. Let w be b(-7). Suppose -2*p = -5*p + w. Let t(n) = -3*n + 2. What is t(p)?
-4
Let l(j) = 1 - 17*j**2 + 6*j - j + 15*j**2 - j**3. Give l(-4).
13
Let c = 2 + -1. Let m(z) = 1 + 4 - 13*z - 6. Let w(h) = -27*h - 2. Let o(j) = 5*m(j) - 2*w(j). What is o(c)?
-12
Let g(n) be the third derivative of 5/6*n**3 + 1/12*n**5 + 0 - 1/12*n**4 - 1/120*n**6 + 0*n - n**2. What is g(5)?
-5
Let l(i) be the third derivative of i**6/120 - i**5/10 + i**4/4 - i**3/3 - 11*i**2. Let n be 3 + (1 - 0) - -1. Calculate l(n).
3
Let d(a) = -2*a + 2. Suppose 3*f + 24 = -3*g, -3*g - 2*f + 8 = -5*g. Let z(j) = -1. Let s(l) = g*z(l) - d(l). Give s(-3).
-2
Let c(l) = -l**3 + 6*l**2 - 5*l + 2. Let s = -4 + 9. Let o be c(s). Let m(x) = x - 4. What is m(o)?
-2
Let g(y) be the second derivative of y**5/120 - y**4/12 + y**3/6 + 2*y. Let t(f) be the second derivative of g(f). Suppose -p + 4 = -1. Give t(p).
3
Let q(o) = -o. Suppose 5*y + 3*y = 24. Determine q(y).
-3
Let o(v) = -v + 1. Let u = 4 - 3. Let y(z) = -3*z - 5. Let q(h) = u*y(h) - 2*o(h). What is q(-4)?
-3
Suppose -2*h - 10 = -7*h. Suppose 0*u = -u - 5*p - 13, -h*p = 3*u. Let g(o) = 4 - 2*o**2 + 3*o**u + 2 + 6*o. Determine g(-5).
1
Let z(w) = w**3 - 3*w**2 + 3*w**2 + 4 - w - 10*w**2 + 1. Give z(10).
-5
Suppose 59*j - 58*j = -5. Let p(n) = -1. Let s(v) = -v**2 - 6*v - 4. Let i(f) = 4*p(f) - s(f). What is i(j)?
-5
Let l(n) = n**2 - n. Let d be l(2). Let r(h) = -3 - 9*h**d - 3 - 2*h + 6 + 1. Determine r(1).
-10
Let l = 27 - 26. Let v(w) be the first derivative of -1/4*w**4 - l + 3*w + 0*w**2 + 5/3*w**3. Determine v(5).
3
Let q(k) = -8*k**2 - 17*k + 18. Let a(x) = 13*x**2 + 26*x - 27. Let o(u) = -5*a(u) - 8*q(u). What is o(6)?
-9
Let k be 0 - (4*-1 - 0). Suppose k*t + 10 = -t. Let l(u) = 3 - 1 + u**2 + 2*u + u. Give l(t).
0
Let a(y) be the second derivative of 3*y - 1/6*y**3 + 0 - 3/2*y**2. Give a(0).
-3
Let a(w) = -4 + 3 + w + 0. Let g(s) be the second derivative of -s**4/12 + s**3/2 - s**2 + 3*s. Let b be g(3). Give a(b).
-3
Let k(t) = 2*t - 3. Let r = 8 + -8. Suppose 2*s + 2 = 3*s, r = -2*m + 3*s - 12. Calculate k(m).
-9
Let o(w) be the second derivative of 11*w**3/3 - 7*w**2/2 + w. Let v(r) = -11*r + 4. Let j(x) = -3*o(x) - 5*v(x). Let h = 6 - 7. Determine j(h).
12
Suppose -2*a + g = 12 - 0, 2*a + 4*g - 8 = 0. Let i(m) = m**2 + 5*m - 1. Determine i(a).
-5
Let p(d) be the third derivative of 0*d + 0 + 1/6*d**3 + 1/15*d**5 + 1/120*d**6 - 1/6*d**4 + 2*d**2. Suppose -5 = -3*q - 20. Calculate p(q).
-4
Let m(n) = -n**3 + 4*n**2 + 3*n + 5. Suppose -3*t - 20 = -7*t. What is m(t)?
-5
Let n(t) = 1. Let k(j) = -2*j + 18. Let q(s) = k(s) - 12*n(s). Determine q(-5).
16
Let j(i) = i**3 - i**2 - i - 1. Let k(v) = -5*v**3 + 10*v**2 + 4*v + 6. Let q(f) = 4*j(f) + k(f). Let r(h) = -5*h**3 - 2*h - 1. Let u be r(-1). Give q(u).
2
Suppose 8 = 9*h - 5*h. Suppose -j + 1 = -q - 0*j, -h*q - j = -13. Suppose -4*n + 12 = -q*f, 4*n - 2*f